{"id":640,"date":"2026-02-01T02:43:00","date_gmt":"2026-02-01T01:43:00","guid":{"rendered":"https:\/\/born2sell.fr\/?page_id=640"},"modified":"2026-02-13T12:10:36","modified_gmt":"2026-02-13T11:10:36","slug":"a-propos","status":"publish","type":"page","link":"https:\/\/born2sell.fr\/index.php\/a-propos\/","title":{"rendered":"A propos de nous"},"content":{"rendered":"<style>.kb-row-layout-id640_49eaa9-df > .kt-row-column-wrap{align-content:start;}:where(.kb-row-layout-id640_49eaa9-df > .kt-row-column-wrap) > .wp-block-kadence-column{justify-content:start;}.kb-row-layout-id640_49eaa9-df > .kt-row-column-wrap{column-gap:var(--global-kb-gap-md, 2rem);row-gap:var(--global-kb-gap-md, 2rem);padding-top:var(--global-kb-spacing-sm, 1.5rem);padding-bottom:var(--global-kb-spacing-sm, 1.5rem);grid-template-columns:minmax(0, 1fr);}.kb-row-layout-id640_49eaa9-df > .kt-row-layout-overlay{opacity:0.30;}@media all and (max-width: 1024px){.kb-row-layout-id640_49eaa9-df > .kt-row-column-wrap{grid-template-columns:minmax(0, 1fr);}}@media all and (max-width: 767px){.kb-row-layout-id640_49eaa9-df > .kt-row-column-wrap{grid-template-columns:minmax(0, 1fr);}}<\/style><div class=\"kb-row-layout-wrap kb-row-layout-id640_49eaa9-df alignnone wp-block-kadence-rowlayout\"><div class=\"kt-row-column-wrap kt-has-1-columns kt-row-layout-equal kt-tab-layout-inherit kt-mobile-layout-row kt-row-valign-top\">\n<style>.kadence-column640_456665-c7 > .kt-inside-inner-col,.kadence-column640_456665-c7 > .kt-inside-inner-col:before{border-top-left-radius:0px;border-top-right-radius:0px;border-bottom-right-radius:0px;border-bottom-left-radius:0px;}.kadence-column640_456665-c7 > .kt-inside-inner-col{column-gap:var(--global-kb-gap-sm, 1rem);}.kadence-column640_456665-c7 > .kt-inside-inner-col{flex-direction:column;}.kadence-column640_456665-c7 > .kt-inside-inner-col > .aligncenter{width:100%;}.kadence-column640_456665-c7 > .kt-inside-inner-col:before{opacity:0.3;}.kadence-column640_456665-c7{position:relative;}@media all and (max-width: 1024px){.kadence-column640_456665-c7 > .kt-inside-inner-col{flex-direction:column;justify-content:center;}}@media all and (max-width: 767px){.kadence-column640_456665-c7 > .kt-inside-inner-col{flex-direction:column;justify-content:center;}}<\/style>\n<div class=\"wp-block-kadence-column kadence-column640_456665-c7\"><div class=\"kt-inside-inner-col\"><style>.wp-block-kadence-advancedheading.kt-adv-heading640_df587b-62, .wp-block-kadence-advancedheading.kt-adv-heading640_df587b-62[data-kb-block=\"kb-adv-heading640_df587b-62\"]{text-align:center;font-size:var(--global-kb-font-size-xxl, 4rem);font-weight:400;font-style:normal;font-family:Montserrat;}.wp-block-kadence-advancedheading.kt-adv-heading640_df587b-62 mark.kt-highlight, .wp-block-kadence-advancedheading.kt-adv-heading640_df587b-62[data-kb-block=\"kb-adv-heading640_df587b-62\"] mark.kt-highlight{font-style:normal;color:#f76a0c;-webkit-box-decoration-break:clone;box-decoration-break:clone;padding-top:0px;padding-right:0px;padding-bottom:0px;padding-left:0px;}<\/style>\n<h2 class=\"kt-adv-heading640_df587b-62 wp-block-kadence-advancedheading\" data-kb-block=\"kb-adv-heading640_df587b-62\">A PROPOS DE NOUS<\/h2>\n<\/div><\/div>\n\n<\/div><\/div>\n\n<style>.kb-row-layout-id640_1de09d-a3 > .kt-row-column-wrap{align-content:start;}:where(.kb-row-layout-id640_1de09d-a3 > .kt-row-column-wrap) > .wp-block-kadence-column{justify-content:start;}.kb-row-layout-id640_1de09d-a3 > .kt-row-column-wrap{column-gap:var(--global-kb-gap-md, 2rem);row-gap:var(--global-kb-gap-md, 2rem);max-width:1000px;margin-left:auto;margin-right:auto;padding-top:var(--global-kb-spacing-sm, 1.5rem);padding-bottom:var(--global-kb-spacing-sm, 1.5rem);grid-template-columns:repeat(2, minmax(0, 1fr));}.kb-row-layout-id640_1de09d-a3 > .kt-row-layout-overlay{opacity:0.30;}@media all and (max-width: 1024px){.kb-row-layout-id640_1de09d-a3 > .kt-row-column-wrap{grid-template-columns:repeat(2, minmax(0, 1fr));}}@media all and (max-width: 767px){.kb-row-layout-id640_1de09d-a3 > .kt-row-column-wrap{grid-template-columns:minmax(0, 1fr);}}<\/style><div class=\"kb-row-layout-wrap kb-row-layout-id640_1de09d-a3 alignnone wp-block-kadence-rowlayout\"><div class=\"kt-row-column-wrap kt-has-2-columns kt-row-layout-equal kt-tab-layout-inherit kt-mobile-layout-row kt-row-valign-top\">\n<style>.kadence-column640_d4932d-0d > .kt-inside-inner-col{min-height:600px;}.kadence-column640_d4932d-0d > .kt-inside-inner-col,.kadence-column640_d4932d-0d > .kt-inside-inner-col:before{border-top-left-radius:0px;border-top-right-radius:0px;border-bottom-right-radius:0px;border-bottom-left-radius:0px;}.kadence-column640_d4932d-0d > .kt-inside-inner-col{column-gap:var(--global-kb-gap-sm, 1rem);}.kadence-column640_d4932d-0d > .kt-inside-inner-col{flex-direction:column;}.kadence-column640_d4932d-0d > .kt-inside-inner-col > .aligncenter{width:100%;}.kadence-column640_d4932d-0d > .kt-inside-inner-col{background-color:var(--global-palette8, #F7FAFC);}.kadence-column640_d4932d-0d > .kt-inside-inner-col:before{opacity:0.3;}.kadence-column640_d4932d-0d{position:relative;}@media all and (max-width: 1024px){.kadence-column640_d4932d-0d > .kt-inside-inner-col{flex-direction:column;justify-content:center;}}@media all and (max-width: 767px){.kadence-column640_d4932d-0d > .kt-inside-inner-col{flex-direction:column;justify-content:center;}}<\/style>\n<div class=\"wp-block-kadence-column kadence-column640_d4932d-0d\"><div class=\"kt-inside-inner-col\"><style>.kb-image640_2154c2-57.kb-image-is-ratio-size, .kb-image640_2154c2-57 .kb-image-is-ratio-size{max-width:350px;width:100%;}.wp-block-kadence-column > .kt-inside-inner-col > .kb-image640_2154c2-57.kb-image-is-ratio-size, .wp-block-kadence-column > .kt-inside-inner-col > .kb-image640_2154c2-57 .kb-image-is-ratio-size{align-self:unset;}.kb-image640_2154c2-57 figure{max-width:350px;}.kb-image640_2154c2-57 .image-is-svg, .kb-image640_2154c2-57 .image-is-svg img{width:100%;}.kb-image640_2154c2-57 .kb-image-has-overlay:after{opacity:0.3;border-top-left-radius:100%;border-top-right-radius:100%;border-bottom-right-radius:100%;border-bottom-left-radius:100%;}.kb-image640_2154c2-57 img.kb-img, .kb-image640_2154c2-57 .kb-img img{border-top-left-radius:100%;border-top-right-radius:100%;border-bottom-right-radius:100%;border-bottom-left-radius:100%;}<\/style>\n<div class=\"wp-block-kadence-image kb-image640_2154c2-57\"><figure class=\"aligncenter kb-image-is-ratio-size\"><div class=\"kb-is-ratio-image kb-image-ratio-square\"><img fetchpriority=\"high\" decoding=\"async\" width=\"1200\" height=\"1600\" src=\"http:\/\/born2sell.fr\/wp-content\/uploads\/2026\/02\/b9377e3a-6265-4f52-8865-8e08d9efa7d2.jpg\" alt=\"\" class=\"kb-img wp-image-656\" srcset=\"https:\/\/born2sell.fr\/wp-content\/uploads\/2026\/02\/b9377e3a-6265-4f52-8865-8e08d9efa7d2.jpg 1200w, https:\/\/born2sell.fr\/wp-content\/uploads\/2026\/02\/b9377e3a-6265-4f52-8865-8e08d9efa7d2-225x300.jpg 225w, https:\/\/born2sell.fr\/wp-content\/uploads\/2026\/02\/b9377e3a-6265-4f52-8865-8e08d9efa7d2-768x1024.jpg 768w, https:\/\/born2sell.fr\/wp-content\/uploads\/2026\/02\/b9377e3a-6265-4f52-8865-8e08d9efa7d2-1152x1536.jpg 1152w, https:\/\/born2sell.fr\/wp-content\/uploads\/2026\/02\/b9377e3a-6265-4f52-8865-8e08d9efa7d2-500x667.jpg 500w\" sizes=\"(max-width: 1200px) 100vw, 1200px\" \/><\/div><\/figure><\/div>\n\n\n<style>.wp-block-kadence-advancedheading.kt-adv-heading640_4a5044-06, .wp-block-kadence-advancedheading.kt-adv-heading640_4a5044-06[data-kb-block=\"kb-adv-heading640_4a5044-06\"]{text-align:center;line-height:1.2;font-weight:400;font-style:normal;font-family:Montserrat;}.wp-block-kadence-advancedheading.kt-adv-heading640_4a5044-06 mark.kt-highlight, .wp-block-kadence-advancedheading.kt-adv-heading640_4a5044-06[data-kb-block=\"kb-adv-heading640_4a5044-06\"] mark.kt-highlight{font-style:normal;color:#f76a0c;-webkit-box-decoration-break:clone;box-decoration-break:clone;padding-top:0px;padding-right:0px;padding-bottom:0px;padding-left:0px;}@media all and (max-width: 1024px){.wp-block-kadence-advancedheading.kt-adv-heading640_4a5044-06, .wp-block-kadence-advancedheading.kt-adv-heading640_4a5044-06[data-kb-block=\"kb-adv-heading640_4a5044-06\"]{text-align:center!important;}}@media all and (max-width: 767px){.wp-block-kadence-advancedheading.kt-adv-heading640_4a5044-06, .wp-block-kadence-advancedheading.kt-adv-heading640_4a5044-06[data-kb-block=\"kb-adv-heading640_4a5044-06\"]{font-size:var(--global-kb-font-size-lg, 2rem);}}<\/style>\n<h3 class=\"kt-adv-heading640_4a5044-06 wp-block-kadence-advancedheading has-theme-palette-3-color has-text-color\" data-kb-block=\"kb-adv-heading640_4a5044-06\">Alexandre TEUMA <\/h3>\n\n\n\n<p class=\"has-text-align-center has-medium-font-size\">Cofondateur de Born2Sell<\/p>\n\n\n\n<div class=\"wp-block-group is-nowrap is-layout-flex wp-container-core-group-is-layout-ad2f72ca wp-block-group-is-layout-flex\"><style>.wp-block-kadence-advancedheading.kt-adv-heading640_5c8174-69, .wp-block-kadence-advancedheading.kt-adv-heading640_5c8174-69[data-kb-block=\"kb-adv-heading640_5c8174-69\"]{text-align:center;font-weight:300;font-style:normal;font-family:Montserrat;text-transform:none;}.wp-block-kadence-advancedheading.kt-adv-heading640_5c8174-69 mark.kt-highlight, .wp-block-kadence-advancedheading.kt-adv-heading640_5c8174-69[data-kb-block=\"kb-adv-heading640_5c8174-69\"] mark.kt-highlight{font-style:normal;color:#f76a0c;-webkit-box-decoration-break:clone;box-decoration-break:clone;padding-top:0px;padding-right:0px;padding-bottom:0px;padding-left:0px;}<\/style>\n<h2 class=\"kt-adv-heading640_5c8174-69 wp-block-kadence-advancedheading\" data-kb-block=\"kb-adv-heading640_5c8174-69\">Je m\u2019appelle Alexandre, je suis l\u2019un des fondateurs de Born 2 Sell.<br><br>J\u2019ai plus de seize ans d\u2019exp\u00e9rience professionnelle derri\u00e8re moi, avec un parcours qui m\u2019a appris la rigueur, le sens des responsabilit\u00e9s et surtout l\u2019importance de la confiance. M\u00eame si je reste volontairement discret sur certaines \u00e9tapes, elles influencent profond\u00e9ment ma mani\u00e8re de travailler aujourd\u2019hui.<br><br>Depuis plusieurs ann\u00e9es, je suis \u00e9galement cr\u00e9ateur de contenu sur diff\u00e9rents r\u00e9seaux sociaux. Je m\u2019occupe principalement de tout ce qui touche \u00e0 la communication et au marketing digital, avec une approche tr\u00e8s orient\u00e9e terrain : comprendre les attentes des gens, parler vrai et cr\u00e9er une relation durable plut\u00f4t que vendre \u00e0 tout prix.<br><br>Ce que j\u2019aime dans la vente automobile, c\u2019est la proximit\u00e9 avec les clients. On ne vend pas seulement un v\u00e9hicule, on accompagne un projet, une \u00e9motion, parfois m\u00eame un r\u00eave. La passion automobile m\u00e9rite mieux que des discours flous ou des promesses bancales.<br><br>Born 2 Sell est n\u00e9 d\u2019une exp\u00e9rience personnelle forte. Apr\u00e8s une tr\u00e8s mauvaise aventure lors de l\u2019importation d\u2019un v\u00e9hicule am\u00e9ricain, j\u2019ai d\u00e9couvert un milieu o\u00f9 le manque de transparence, les d\u00e9marches approximatives et certaines d\u00e9rives \u00e9taient devenus presque \u201cnormaux\u201d. Je me suis alors dit :<br>si certains arrivent \u00e0 vendre en faisant mal les choses, alors faire les choses bien ne peut que fonctionner.<br><br>Aujourd\u2019hui, mon objectif est simple : que chaque client se sente en confiance, serein et en s\u00e9curit\u00e9 \u00e0 chaque \u00e9tape de son projet. Travailler avec nous doit \u00eatre une exp\u00e9rience sans stress, o\u00f9 la clart\u00e9, la passion et l\u2019humain passent avant tout.<br><br>Parce qu\u2019au final, on ne vend pas seulement des voitures : on transmet de la passion.<\/h2>\n<\/div>\n<\/div><\/div>\n\n\n<style>.kadence-column640_15d96b-e0 > .kt-inside-inner-col{min-height:1240px;}.kadence-column640_15d96b-e0 > .kt-inside-inner-col,.kadence-column640_15d96b-e0 > .kt-inside-inner-col:before{border-top-left-radius:0px;border-top-right-radius:0px;border-bottom-right-radius:0px;border-bottom-left-radius:0px;}.kadence-column640_15d96b-e0 > .kt-inside-inner-col{column-gap:var(--global-kb-gap-sm, 1rem);}.kadence-column640_15d96b-e0 > .kt-inside-inner-col{flex-direction:column;}.kadence-column640_15d96b-e0 > .kt-inside-inner-col > .aligncenter{width:100%;}.kadence-column640_15d96b-e0 > .kt-inside-inner-col{background-color:var(--global-palette8, #F7FAFC);}.kadence-column640_15d96b-e0 > .kt-inside-inner-col:before{opacity:0.3;}.kadence-column640_15d96b-e0{position:relative;}@media all and (max-width: 1024px){.kadence-column640_15d96b-e0 > .kt-inside-inner-col{flex-direction:column;justify-content:center;}}@media all and (max-width: 767px){.kadence-column640_15d96b-e0 > .kt-inside-inner-col{flex-direction:column;justify-content:center;}}<\/style>\n<div class=\"wp-block-kadence-column kadence-column640_15d96b-e0\"><div class=\"kt-inside-inner-col\"><style>.kb-image640_b64594-41.kb-image-is-ratio-size, .kb-image640_b64594-41 .kb-image-is-ratio-size{max-width:350px;width:100%;}.wp-block-kadence-column > .kt-inside-inner-col > .kb-image640_b64594-41.kb-image-is-ratio-size, .wp-block-kadence-column > .kt-inside-inner-col > .kb-image640_b64594-41 .kb-image-is-ratio-size{align-self:unset;}.kb-image640_b64594-41 figure{max-width:350px;}.kb-image640_b64594-41 .image-is-svg, .kb-image640_b64594-41 .image-is-svg img{width:100%;}.kb-image640_b64594-41 .kb-image-has-overlay:after{opacity:0.3;border-top-left-radius:100%;border-top-right-radius:100%;border-bottom-right-radius:100%;border-bottom-left-radius:100%;}.kb-image640_b64594-41 img.kb-img, .kb-image640_b64594-41 .kb-img img{border-top-left-radius:100%;border-top-right-radius:100%;border-bottom-right-radius:100%;border-bottom-left-radius:100%;}<\/style>\n<div class=\"wp-block-kadence-image kb-image640_b64594-41\"><figure class=\"aligncenter kb-image-is-ratio-size\"><div class=\"kb-is-ratio-image kb-image-ratio-square\"><img decoding=\"async\" width=\"975\" height=\"858\" src=\"http:\/\/born2sell.fr\/wp-content\/uploads\/2026\/02\/d980e5ff-c5ed-4b92-9235-89ad144c707e.jpg\" alt=\"\" class=\"kb-img wp-image-653\" srcset=\"https:\/\/born2sell.fr\/wp-content\/uploads\/2026\/02\/d980e5ff-c5ed-4b92-9235-89ad144c707e.jpg 975w, https:\/\/born2sell.fr\/wp-content\/uploads\/2026\/02\/d980e5ff-c5ed-4b92-9235-89ad144c707e-300x264.jpg 300w, https:\/\/born2sell.fr\/wp-content\/uploads\/2026\/02\/d980e5ff-c5ed-4b92-9235-89ad144c707e-768x676.jpg 768w, https:\/\/born2sell.fr\/wp-content\/uploads\/2026\/02\/d980e5ff-c5ed-4b92-9235-89ad144c707e-500x440.jpg 500w\" sizes=\"(max-width: 975px) 100vw, 975px\" \/><\/div><\/figure><\/div>\n\n\n<style>.wp-block-kadence-advancedheading.kt-adv-heading640_521bbd-3c, .wp-block-kadence-advancedheading.kt-adv-heading640_521bbd-3c[data-kb-block=\"kb-adv-heading640_521bbd-3c\"]{text-align:center;line-height:1.2;font-weight:400;font-style:normal;font-family:Montserrat;}.wp-block-kadence-advancedheading.kt-adv-heading640_521bbd-3c mark.kt-highlight, .wp-block-kadence-advancedheading.kt-adv-heading640_521bbd-3c[data-kb-block=\"kb-adv-heading640_521bbd-3c\"] mark.kt-highlight{font-style:normal;color:#f76a0c;-webkit-box-decoration-break:clone;box-decoration-break:clone;padding-top:0px;padding-right:0px;padding-bottom:0px;padding-left:0px;}@media all and (max-width: 1024px){.wp-block-kadence-advancedheading.kt-adv-heading640_521bbd-3c, .wp-block-kadence-advancedheading.kt-adv-heading640_521bbd-3c[data-kb-block=\"kb-adv-heading640_521bbd-3c\"]{text-align:center!important;}}@media all and (max-width: 767px){.wp-block-kadence-advancedheading.kt-adv-heading640_521bbd-3c, .wp-block-kadence-advancedheading.kt-adv-heading640_521bbd-3c[data-kb-block=\"kb-adv-heading640_521bbd-3c\"]{font-size:var(--global-kb-font-size-lg, 2rem);}}<\/style>\n<h3 class=\"kt-adv-heading640_521bbd-3c wp-block-kadence-advancedheading has-theme-palette-3-color has-text-color\" data-kb-block=\"kb-adv-heading640_521bbd-3c\">Pierre Denis <\/h3>\n\n\n\n<p class=\"has-text-align-center has-medium-font-size\"> Cofondateur de Born2Sell<\/p>\n\n\n<style>.wp-block-kadence-advancedheading.kt-adv-heading640_ea3deb-8e, .wp-block-kadence-advancedheading.kt-adv-heading640_ea3deb-8e[data-kb-block=\"kb-adv-heading640_ea3deb-8e\"]{text-align:center;font-weight:300;font-style:normal;font-family:Montserrat;text-transform:none;}.wp-block-kadence-advancedheading.kt-adv-heading640_ea3deb-8e mark.kt-highlight, .wp-block-kadence-advancedheading.kt-adv-heading640_ea3deb-8e[data-kb-block=\"kb-adv-heading640_ea3deb-8e\"] mark.kt-highlight{font-style:normal;color:#f76a0c;-webkit-box-decoration-break:clone;box-decoration-break:clone;padding-top:0px;padding-right:0px;padding-bottom:0px;padding-left:0px;}<\/style>\n<h2 class=\"kt-adv-heading640_ea3deb-8e wp-block-kadence-advancedheading\" data-kb-block=\"kb-adv-heading640_ea3deb-8e\">L\u2019automobile est une \u00e9motion. L\u2019achat doit \u00eatre une certitude.<br><br>Entrepreneur et cofondateur de Born2Sell, Pierre allie passion automobile et expertise op\u00e9rationnelle au service de projets automobiles premium et sportifs. Amateur \u00e9clair\u00e9 de belles m\u00e9caniques, de mod\u00e8les \u00e0 caract\u00e8re et de configurations singuli\u00e8res, il voit l\u2019automobile comme un univers \u00e0 part enti\u00e8re, o\u00f9 la technique, l\u2019esth\u00e9tique et l\u2019\u00e9motion doivent toujours rester coh\u00e9rentes.<br><br>Il est principalement en charge de la recherche op\u00e9rationnelle des v\u00e9hicules, de la gestion des flux (s\u00e9lection, transport, importation) et du d\u00e9veloppement commercial. Son parcours entrepreneurial lui a permis de d\u00e9velopper une approche structur\u00e9e et exigeante de l\u2019acquisition automobile, o\u00f9 chaque projet est trait\u00e9 comme une op\u00e9ration compl\u00e8te, et non comme une simple transaction.<br><br>Sp\u00e9cialiste du march\u00e9 europ\u00e9en, il apporte une lecture fine des mod\u00e8les, des opportunit\u00e9s et de la coh\u00e9rence entre un v\u00e9hicule et le projet de son client. Il accorde une importance particuli\u00e8re \u00e0 l\u2019histoire des autos, \u00e0 leurs sp\u00e9cificit\u00e9s, \u00e0 leur positionnement r\u00e9el sur le march\u00e9 et \u00e0 ce qu\u2019elles procurent au-del\u00e0 de la fiche technique. Son ouverture au march\u00e9 am\u00e9ricain est n\u00e9e de sa collaboration avec son associ\u00e9 Alexandre, qui lui a transmis cette culture sp\u00e9cifique.<br><br>Chez Born2Sell, il accompagne chaque client avec une conviction simple : une voiture ne se choisit pas seulement avec les yeux, mais avec m\u00e9thode, compr\u00e9hension et exigence. \u200e<\/h2>\n\n\n<style>.kadence-column640_c09bb7-dc > .kt-inside-inner-col{display:flex;}.kadence-column640_c09bb7-dc > .kt-inside-inner-col,.kadence-column640_c09bb7-dc > .kt-inside-inner-col:before{border-top-left-radius:0px;border-top-right-radius:0px;border-bottom-right-radius:0px;border-bottom-left-radius:0px;}.kadence-column640_c09bb7-dc > .kt-inside-inner-col{column-gap:var(--global-kb-gap-sm, 1rem);}.kadence-column640_c09bb7-dc > .kt-inside-inner-col{flex-direction:column;justify-content:center;align-items:center;}.kadence-column640_c09bb7-dc > .kt-inside-inner-col > .kb-image-is-ratio-size{align-self:stretch;}.kadence-column640_c09bb7-dc > .kt-inside-inner-col > .wp-block-kadence-advancedgallery{align-self:stretch;}.kadence-column640_c09bb7-dc > .kt-inside-inner-col > .aligncenter{width:100%;}.kt-row-column-wrap > .kadence-column640_c09bb7-dc{align-self:center;}.kt-inner-column-height-full:not(.kt-has-1-columns) > .wp-block-kadence-column.kadence-column640_c09bb7-dc{align-self:auto;}.kt-inner-column-height-full:not(.kt-has-1-columns) > .wp-block-kadence-column.kadence-column640_c09bb7-dc > .kt-inside-inner-col{flex-direction:column;justify-content:center;}.kadence-column640_c09bb7-dc > .kt-inside-inner-col:before{opacity:0.3;}.kadence-column640_c09bb7-dc{position:relative;}.kadence-column640_c09bb7-dc, .kt-inside-inner-col > .kadence-column640_c09bb7-dc:not(.specificity){margin-left:var(--global-kb-spacing-xl, 4rem);}@media all and (max-width: 1024px){.kt-row-column-wrap > .kadence-column640_c09bb7-dc{align-self:center;}}@media all and (max-width: 1024px){.kt-inner-column-height-full:not(.kt-has-1-columns) > .wp-block-kadence-column.kadence-column640_c09bb7-dc{align-self:auto;}}@media all and (max-width: 1024px){.kt-inner-column-height-full:not(.kt-has-1-columns) > .wp-block-kadence-column.kadence-column640_c09bb7-dc > .kt-inside-inner-col{flex-direction:column;justify-content:center;}}@media all and (max-width: 1024px){.kadence-column640_c09bb7-dc > .kt-inside-inner-col{flex-direction:column;justify-content:center;align-items:center;}}@media all and (max-width: 1024px){.kadence-column640_c09bb7-dc, .kt-inside-inner-col > .kadence-column640_c09bb7-dc:not(.specificity){margin-left:0px;}}@media all and (max-width: 767px){.kt-row-column-wrap > .kadence-column640_c09bb7-dc{align-self:center;}.kt-inner-column-height-full:not(.kt-has-1-columns) > .wp-block-kadence-column.kadence-column640_c09bb7-dc{align-self:auto;}.kt-inner-column-height-full:not(.kt-has-1-columns) > .wp-block-kadence-column.kadence-column640_c09bb7-dc > .kt-inside-inner-col{flex-direction:column;justify-content:center;}.kadence-column640_c09bb7-dc > .kt-inside-inner-col{flex-direction:column;justify-content:center;align-items:center;}}<\/style>\n<div class=\"wp-block-kadence-column kadence-column640_c09bb7-dc\"><div class=\"kt-inside-inner-col\"><style>.kb-row-layout-wrap.wp-block-kadence-rowlayout.kb-row-layout-id640_9497e6-94{margin-top:0px;margin-bottom:0px;}.kb-row-layout-id640_9497e6-94 > .kt-row-column-wrap{align-content:start;}:where(.kb-row-layout-id640_9497e6-94 > .kt-row-column-wrap) > .wp-block-kadence-column{justify-content:start;}.kb-row-layout-id640_9497e6-94 > .kt-row-column-wrap{column-gap:var(--global-kb-gap-md, 2rem);row-gap:var(--global-kb-gap-md, 2rem);padding-top:0px;padding-right:0px;padding-bottom:0px;padding-left:0px;grid-template-columns:minmax(0, 1fr);}.kb-row-layout-id640_9497e6-94 > .kt-row-layout-overlay{opacity:0.30;}@media all and (max-width: 1024px){.kb-row-layout-id640_9497e6-94 > .kt-row-column-wrap{padding-right:var(--global-kb-spacing-4xl, 8rem);padding-left:var(--global-kb-spacing-4xl, 8rem);grid-template-columns:minmax(0, 1fr);}}@media all and (max-width: 767px){.kb-row-layout-id640_9497e6-94 > .kt-row-column-wrap{padding-right:0px;padding-left:0px;grid-template-columns:minmax(0, 1fr);}}<\/style><div class=\"kb-row-layout-wrap kb-row-layout-id640_9497e6-94 alignnone wp-block-kadence-rowlayout\"><div class=\"kt-row-column-wrap kt-has-1-columns kt-row-layout-equal kt-tab-layout-inherit kt-mobile-layout-row kt-row-valign-top\">\n<style>.kadence-column640_befb5c-e8 > .kt-inside-inner-col{padding-top:var(--global-kb-spacing-xl, 4rem);padding-right:var(--global-kb-spacing-xl, 4rem);padding-bottom:var(--global-kb-spacing-xl, 4rem);padding-left:var(--global-kb-spacing-xl, 4rem);}.kadence-column640_befb5c-e8 > .kt-inside-inner-col,.kadence-column640_befb5c-e8 > .kt-inside-inner-col:before{border-top-left-radius:0px;border-top-right-radius:0px;border-bottom-right-radius:80px;border-bottom-left-radius:0px;}.kadence-column640_befb5c-e8 > .kt-inside-inner-col{column-gap:var(--global-kb-gap-sm, 1rem);}.kadence-column640_befb5c-e8 > .kt-inside-inner-col{flex-direction:column;}.kadence-column640_befb5c-e8 > .kt-inside-inner-col > .aligncenter{width:100%;}.kadence-column640_befb5c-e8 > .kt-inside-inner-col:before{opacity:0.3;}.kadence-column640_befb5c-e8{text-align:center;}.kadence-column640_befb5c-e8{position:relative;}@media all and (max-width: 1024px){.kadence-column640_befb5c-e8{text-align:center;}}@media all and (max-width: 1024px){.kadence-column640_befb5c-e8 > .kt-inside-inner-col{flex-direction:column;justify-content:center;}}@media all and (max-width: 767px){.kadence-column640_befb5c-e8 > .kt-inside-inner-col{flex-direction:column;justify-content:center;}}<\/style>\n<div class=\"wp-block-kadence-column kadence-column640_befb5c-e8 kb-section-dir-vertical kb-section-md-dir-vertical\"><div class=\"kt-inside-inner-col\"><\/div><\/div>\n\n<\/div><\/div><\/div><\/div>\n<\/div><\/div>\n\n<\/div><\/div>\n\n\n<p><\/p>\n","protected":false},"excerpt":{"rendered":"<p>A PROPOS DE NOUS Alexandre TEUMA Cofondateur de Born2Sell Je m\u2019appelle Alexandre, je suis l\u2019un des fondateurs de Born 2 Sell. J\u2019ai plus de seize ans d\u2019exp\u00e9rience professionnelle derri\u00e8re moi, avec un parcours qui m\u2019a appris la rigueur, le sens des responsabilit\u00e9s et surtout l\u2019importance de la confiance. M\u00eame si je reste volontairement discret sur&#8230;<\/p>\n","protected":false},"author":1,"featured_media":0,"parent":0,"menu_order":0,"comment_status":"closed","ping_status":"closed","template":"","meta":{"_acf_changed":false,"_kad_blocks_custom_css":"","_kad_blocks_head_custom_js":"","_kad_blocks_body_custom_js":"","_kad_blocks_footer_custom_js":"","_kadence_starter_templates_imported_post":false,"_kad_post_transparent":"","_kad_post_title":"hide","_kad_post_layout":"","_kad_post_sidebar_id":"","_kad_post_content_style":"","_kad_post_vertical_padding":"","_kad_post_feature":"","_kad_post_feature_position":"","_kad_post_header":false,"_kad_post_footer":false,"_kad_post_classname":"","footnotes":""},"class_list":["post-640","page","type-page","status-publish","hentry"],"acf":[],"taxonomy_info":[],"featured_image_src_large":false,"author_info":{"display_name":"admin1182","author_link":"https:\/\/born2sell.fr\/index.php\/author\/admin1182\/"},"comment_info":0,"jetpack_sharing_enabled":true,"_links":{"self":[{"href":"https:\/\/born2sell.fr\/index.php\/wp-json\/wp\/v2\/pages\/640","targetHints":{"allow":["GET"]}}],"collection":[{"href":"https:\/\/born2sell.fr\/index.php\/wp-json\/wp\/v2\/pages"}],"about":[{"href":"https:\/\/born2sell.fr\/index.php\/wp-json\/wp\/v2\/types\/page"}],"author":[{"embeddable":true,"href":"https:\/\/born2sell.fr\/index.php\/wp-json\/wp\/v2\/users\/1"}],"replies":[{"embeddable":true,"href":"https:\/\/born2sell.fr\/index.php\/wp-json\/wp\/v2\/comments?post=640"}],"version-history":[{"count":35,"href":"https:\/\/born2sell.fr\/index.php\/wp-json\/wp\/v2\/pages\/640\/revisions"}],"predecessor-version":[{"id":757,"href":"https:\/\/born2sell.fr\/index.php\/wp-json\/wp\/v2\/pages\/640\/revisions\/757"}],"wp:attachment":[{"href":"https:\/\/born2sell.fr\/index.php\/wp-json\/wp\/v2\/media?parent=640"}],"curies":[{"name":"wp","href":"https:\/\/api.w.org\/{rel}","templated":true}]}}